ulate the greatest common divisor of 381468 and 1437.
3
Calculate the highest common divisor of 357 and 13418664.
21
Calculate the highest common divisor of 2374 and 6371816.
2374
Calculate the greatest common divisor of 23461760 and 4992.
128
What is the highest common divisor of 12389566 and 2958?
34
What is the greatest common divisor of 5793 and 10912081?
1931
Calculate the greatest common divisor of 584180545 and 4615.
4615
Calculate the greatest common factor of 1112097 and 84.
21
What is the greatest common factor of 16348167 and 913?
11
Calculate the greatest common factor of 1463765 and 35.
5
Calculate the highest common factor of 933640 and 39840.
40
What is the highest common divisor of 181062 and 4221?
63
What is the greatest common factor of 610 and 82713560?
610
What is the greatest common factor of 1630 and 1173425590?
1630
What is the highest common divisor of 8 and 145187532?
4
Calculate the highest common factor of 43091015 and 55.
55
Calculate the greatest common divisor of 739669 and 14.
7
Calculate the highest common factor of 137 and 92558707.
137
Calculate the highest common factor of 35402765 and 145.
145
What is the highest common factor of 5551 and 334685?
13
What is the highest common factor of 1377586 and 1176?
98
What is the greatest common divisor of 63098076 and 12?
12
What is the highest common factor of 19565384 and 610?
122
Calculate the highest common divisor of 90325 and 2725.
25
Calculate the highest common divisor of 642 and 13581831.
321
What is the highest common factor of 45175 and 487175?
325
What is the greatest common divisor of 73878 and 30773705?
1759
What is the greatest common factor of 39193366 and 2724?
454
Calculate the greatest common divisor of 5137044587 and 47.
47
What is the highest common factor of 228 and 60741822?
114
What is the greatest common divisor of 3154 and 33687?
19
What is the highest common factor of 1133 and 232188?
11
What is the greatest common divisor of 18 and 142757352?
18
What is the greatest common factor of 269 and 110867543?
269
What is the greatest common divisor of 585 and 122340?
15
Calculate the highest common factor of 1340655 and 345.
15
What is the highest common factor of 2336736 and 17877?
303
Calculate the highest common factor of 1068 and 116609046.
534
What is the highest common factor of 401980650 and 450?
150
What is the greatest common divisor of 2530 and 7170526?
506
Calculate the greatest common divisor of 125794176 and 7360.
1472
What is the highest common divisor of 8532 and 52568?
4
What is the highest common divisor of 28815 and 1750935?
1695
Calculate the greatest common divisor of 2311992407 and 131.
131
Calculate the greatest common factor of 820 and 17555980.
20
What is the greatest common divisor of 54196 and 83912?
68
Calculate the highest common divisor of 28 and 1802524.
4
What is the highest common divisor of 357 and 18605713?
7
What is the greatest common divisor of 46283 and 22785?
31
What is the highest common factor of 28983702 and 6270?
1254
Calculate the highest common factor of 10624570 and 330.
110
Calculate the highest common factor of 82641 and 430443.
507
Calculate the greatest common divisor of 668484461 and 509.
509
Calculate the highest common factor of 210 and 4565595.
15
Calculate the greatest common factor of 1353 and 4415741.
451
What is the greatest common factor of 426903858 and 1458?
1458
Calculate the highest common factor of 69721361 and 1349.
71
Calculate the highest common divisor of 1478808 and 7446480.
10488
Calculate the highest common factor of 5064 and 6702000.
24
What is the highest common divisor of 628 and 2823331?
157
Calculate the greatest common divisor of 37966 and 571786.
82
What is the highest common factor of 274800 and 2880?
240
What is the highest common factor of 21714143 and 99?
11
What is the greatest common factor of 25751819 and 7327?
431
Calculate the greatest common factor of 164 and 7877712.
4
Calculate the greatest common divisor of 959544 and 144.
72
Calculate the greatest common factor of 199504 and 13827344.
592
What is the greatest common factor of 1628 and 25231484?
148
What is the greatest common divisor of 1668 and 620178?
6
What is the greatest common factor of 431 and 141096901?
431
Calculate the highest common factor of 3384 and 1263313.
47
Calculate the greatest common factor of 4778207 and 697.
17
What is the greatest common divisor of 199681 and 150052?
233
Calculate the greatest common divisor of 304 and 81296.
16
What is the highest common factor of 4632992 and 20468?
1204
What is the highest common factor of 783517 and 56917?
1211
What is the greatest common divisor of 314 and 9108?
2
Calculate the highest common divisor of 1855 and 93279788.
371
Calculate the highest common factor of 10539 and 68235341.
1171
What is the greatest common divisor of 10288 and 109808?
16
What is the greatest common divisor of 6150 and 289950?
150
What is the highest common divisor of 70056 and 1597932?
252
What is the highest common divisor of 1431567 and 12?
3
What is the highest common divisor of 47270720 and 800?
160
What is the highest common factor of 132861 and 2625797?
67
Calculate the highest common divisor of 13246079 and 154.
77
Calculate the highest common divisor of 263 and 241427425.
263
Calculate the greatest common factor of 473045678 and 310.
62
What is the greatest common divisor of 87718 and 142374?
122
What is the greatest common factor of 23040603 and 666?
333
What is the greatest common divisor of 62231257 and 22?
11
Calculate the highest common divisor of 15156 and 162936.
36
What is the highest common divisor of 9 and 76344129?
9
Calculate the highest common divisor of 498 and 138628260.
498
Calculate the highest common divisor of 23 and 438313645.
23
What is the highest common factor of 740 and 48302205?
185
What is the highest common divisor of 435 and 1819257?
87
What is the greatest common divisor of 17690 and 10619795?
305
What is the highest common factor of 105 and 1106322805?
35
What is the greatest common divisor of 36343674 and 108?
54
What is the highest common factor of 666 and 233615262?
222
What is the highest common factor of 6996918 and 24?
6
What is the greatest common factor of 79700766 and 426?
426
Calculate the greatest common factor of 180603904 and 1152.
128
Calculate the highest common divisor of 742450 and 234670.
310
Calculate the greatest common divisor of 101994817 and 1214.
607
Calculate the greatest common factor of 445359 and 265371.
159
Calculate the greatest common factor of 757105 and 795.
265
What is the greatest common factor of 650 and 25282270?
130
Calculate the highest common factor of 7342455 and 77520.
285
Calculate the highest common factor of 286308 and 11832136.
964
Calculate the greatest common factor of 427 and 1440149.
61
Calculate the highest common factor of 4001613 and 21981.
51
What is the highest common factor of 304 and 18154272?
304
What is the highest common factor of 38291619 and 69?
69
What is the highest common factor of 18 and 125012538?
18
What is the greatest common divisor of 180211 and 3?
1
What is the highest common factor of 293202 and 44928?
234
Calculate the highest common divisor of 178182 and 498.
6
Calculate the greatest common divisor of 946075 and 76325.
1775
What is the greatest common divisor of 3052870 and 4014?
446
What is the greatest common divisor of 62437104 and 10620?
2124
What is the greatest common divisor of 167225669 and 107939?
4693
Calculate the greatest common factor of 262388 and 7868.
28
What is the highest common divisor of 18966 and 1192596?
174
What is the greatest common factor of 323 and 914983?
19
Calculate the highest common divisor of 68522041 and 7105.
1421
Calculate the greatest common factor of 1525333250 and 20500.
10250
Calculate the greatest common factor of 117 and 19931496.
39
What is the greatest common divisor of 625640328 and 1512?
216
Calculate the greatest common factor of 712 and 57480116.
356
What is the highest common factor of 8568280 and 88?
8
Calculate the greatest common factor of 1723083 and 265.
53
What is the greatest common divisor of 1403017 and 213994?
1507
Calculate the highest common factor of 9228 and 1296.
12
What is the greatest common 